lculate 5 - (0 - (2 + -6)).
1
Evaluate -7 + (4 - 8) + 7.
-4
What is (-15 - -8) + 10 - 0?
3
-3 + 7 + 3 - 2
5
3 + 0 + 4 + 5 + -7
5
What is the value of -5 + 4 + -5 - -4?
-2
Evaluate -7 + (-8 - -4) + 6.
-5
What is 4 + (0 - 4) + 4?
4
What is (0 - (1 + -5)) + -9?
-5
What is the value of -1 - ((1 - 6) + 7 + -8)?
5
What is (4 - -4 - 2) + (19 - 15)?
10
Evaluate 5 + 0 - 1 - (3 - -1).
0
What is -36 + 39 - (1 + 4)?
-2
What is 8 - (1 + -9 + (-30 - -38))?
8
Evaluate (15 - 4) + (-22 - -14).
3
What is the value of (2 - 13) + 4 - -3?
-4
What is the value of (-2 - (5 - -1)) + -10 + 13?
-5
2 + 7 + -9 + (1 - -1)
2
Calculate 333 + -324 - (6 + (-1 - -1)).
3
Calculate 0 - 4 - -7 - 8.
-5
What is the value of (1 - -3 - 3) + (5 - 1)?
5
What is the value of 1 + 3 + (3 - 1) - -1?
7
What is 4 - (2 - -3) - (-2 - -3)?
-2
Calculate -1 + 4 + -7 + -2 - -7.
1
What is (-7 - -2) + 1 + 4 + -4?
-4
Evaluate 7 + -8 + -2 + 9.
6
What is -6 + 2 + 7 + -3?
0
Evaluate -2 + 4 + (-2 + 1 - -2).
3
What is the value of 1 + -3 + 0 + 4?
2
What is -2 - -10 - (2 - -5)?
1
5 - (-34 - -28 - (0 + -16))
-5
(-24 - -8) + 10 + 13 + -1
6
What is -9 + 21 + -5 + -9?
-2
What is the value of (3 - -3) + (0 - 5)?
1
Evaluate -5 - (8 + -7 + 2 + -7).
-1
What is the value of 4 + -4 + 6 - (-1 + 3)?
4
What is the value of -7 + (-1 - -4) + (3 - 0)?
-1
What is 3 + 1 - 6 - -5?
3
(-1 - -3 - 6) + 23 + -10
9
(0 - (1 - 2)) + 0
1
What is the value of -4 + 0 + 234 + -238?
-8
What is the value of -10 - 1 - (58 + -77)?
8
What is -4 - (2 - (9 - (-7 + 6)))?
4
What is (2 - 1) + -3 - 0?
-2
(1 - 6) + 6 + 2 + -4
-1
What is the value of (-17 - -17) + (0 - -2) - 1?
1
What is 11 - 4 - (-3 + 5)?
5
Calculate 2 - (-4 + 4 + -1).
3
5 - (-2 - -7) - 4
-4
What is 0 - -9 - (-12 - -24)?
-3
(3 - 6) + 5 + 2 + -5
-1
Evaluate -1 - (2 + -4 + 3).
-2
What is the value of 1 - (2 + -3 + 0) - -2?
4
Evaluate 3 - ((2 + -3 - 2) + 0).
6
Evaluate 0 + (-2 - -7) + 0.
5
What is 7 - (3 + 0 + (-3 - -4))?
3
Calculate -2 + 2 + 2 + -4.
-2
Evaluate -5 - (-19 + 16 + 4 + -1).
-5
Evaluate 14 - 0 - 1 - 9.
4
What is 7 + (-12 - -11) + -10?
-4
Evaluate (-1 - -2) + 1 + 2 - 0.
4
What is 1 + -1 + 2 + (39 - 35)?
6
(-4 - -1) + 2 + (-8 - -7)
-2
Calculate (3 - -1) + -71 + 60 - -4.
-3
What is 13 - (-15 + 9 + (-1 - -13))?
7
What is -7 + -5 + (-7 - -13) + -2?
-8
3 + -8 + -3 + (3 - -2)
-3
9 + (-9 - (-2 + -1))
3
What is the value of 7 + (-4 - -1) + 3?
7
-6 + 2 - (-7 - -5)
-2
-6 + 9 - (-2 - 1)
6
Calculate -1 + -7 - (-17 + 14).
-5
Evaluate -1 - (1 - -1) - (-7 + 6).
-2
Evaluate (-5 + 1 - -2) + -2.
-4
Evaluate (5 - 1) + -7 + -2.
-5
What is the value of (-13 - -20 - 14) + (-1 - -10)?
2
What is -2 + 0 + 7 - (216 + -219)?
8
Evaluate 0 + (0 - (-1 - (7 - 4))).
4
What is the value of 14 + (-3 + -5 - 0)?
6
What is the value of 4 + -1 + -3 + -3 + -1?
-4
What is the value of -2 + 1 + 0 + 25 + -25?
-1
3 + -1 - 4 - -5 - 3
0
-5 + (4 + 0 - (1 - 2))
0
What is -1 + -5 + 2 + 6?
2
What is 0 + (1 - 1 - 4)?
-4
What is -4 + -2 + 4 + 6?
4
Evaluate 3 + (-9 + 10 + -5 - -2).
1
What is the value of -8 - (1 + -5 + 2 + -3)?
-3
Calculate -2 - 0 - (-1 + -2).
1
What is (0 - -4) + -10 + 15?
9
Evaluate 8 + -8 + (7 - 7).
0
What is the value of 0 + (0 - -4) + -4 - -4?
4
1 - ((0 - -3) + -7)
5
Calculate -3 - (10 + (4 - 8)).
-9
Evaluate (-12 - -20) + (2 - (-1 - -11)).
0
What is the value of (2 + -18 - -7) + 3?
-6
What is -36 + 42 - (-1 + 11 + 2)?
-6
What is (-1 - (7 - -8)) + 12?
-4
What is the value of 5 + (1 - 1) + 6 + -10?
1
What is -1 + 0 - (-2 - 6 - -9)?
-2
Evaluate 2 - (-1 + 5) - (1 - -2).
-5
Evaluate (-8 - (-4 + -2)) + -1 + 8.
5
What is (2 - 3) + -3 + (2 - -5)?
3
Calculate -2 + -4 + 8 + -4.
-2
What is -2 + 3 - 3 - (13 - 22)?
7
Evaluate 12 - 4 - (8 + -3).
3
Evaluate -6 - (4 + (-14 - 0)).
4
What is 3 + (-3 - -5 - 5) + 3?
3
Calculate 6 + -7 + -3 - -1 - 3.
-6
What is 14 + 13 + (8 - 27)?
8
What is the value of (28 - 20) + -18 + 1?
-9
Calculate 16 + -15 + (3 - -1).
5
3 - 1 - (3 - (7 + -6))
0
Calculate 7 - 5 - (8 - (-2 - -2)).
-6
Calculate -9 - -3 - (6 - (1 + 8)).
-3
Evaluate -1 - (-8 + 5) - 7.
-5
Evaluate (3 - 4) + 6 + -3 - 1.
1
What is the value of 0 + -2 + (-36 - -45)?
7
What is the value of -5 + (2 - (0 + 0 + 2))?
-5
What is the value of 4 + -5 + 9 + -6?
2
What is the value of -19 + 15 - (-2 + -4)?
2
What is (4 - (7 + 10 + -5)) + 14?
6
Evaluate 4 - -5 - 15 - -10.
4
-3 + 1 + (67 - 61)
4
-12 + 2 + 47 + -36
1
Calculate 5 + -1 + (-18 - -14).
0
Calculate (5 - -6) + -3 - 12.
-4
What is the value of (-1 - 7) + (-34 - -40)?
-2
Evaluate 1 + -13 + 4 + 3.
-5
What is -28 + 24 + 1 + 4?
1
Calculate -13 + 16 - (-1 + -1).
5
-5 + (-2 - -4 - -1)
-2
Evaluate 0 - -5 - (3 - (4 - 1)).
5
What is the value of -3 - (-2 + 2 - 4)?
1
(3 - -2) + -2 - 0
3
What is (-2 + -1 - -5) + 2?
4
Evaluate (6 - (2 - -1)) + 3 - 1.
5
What is -4 + 5 + (2 - 1)?
2
What is -2 - (7 - (1 + 5))?
-3
Calculate (-10 + 0 - (10 - 15)) + 8.
3
Evaluate 2 + (-4 - -1 - -2).
1
Evaluate (2 - -1) + (1 - -1) + -4.
1
What is -2 - (-4 - (8 + -8))?
2
Evaluate -9 + (6 - (1 + 1)).
-5
What is the value of -10 + (7 - 0) + 11 + -11?
-3
Evaluate 1 - -2 - 0 - 1.
2
What is -5 - (-14 + 3 - -5)?
1
What is the value of 4 + -7 - (-4 - (-2 - -1))?
0
What is 3 + 10 - (3 + 4)?
6
Calculate (1 - 2) + 3 + 0 + 0.
2
Calculate 41 + -39 - (2 - (0 - 1)).
-1
Calculate (-6 - -11) + (0 - -2 - 5).
2
What is (-4 - (3 + -12)) + 0?
5
What is 4 + (0 - 1 - 6)?
-3
Evaluate -1 + (5 - 7 - 0).
-3
Evaluate (4 - 7) + (0 - -6) + 1.
4
2 - ((-8 - -11) + 0)
-1
What is -10 + (-4 - -17) + 0 + -5?
-2
4 + -4 - -13 - 4 - 7
2
Calculate 3 + (3 + 1 - 5).
2
What is 0 + 5 + (-42 - -32) + 3?
-2
Evaluate -230 + 230 - (0 - (-3 + -2)).
-5
What is the value of -7 + (5 - -4) - 2?
0
Calculate (-38 - -36) + 7 + -1.
4
Calculate (6 - 1) + (110 - 114).
1
Calculate 0 - -1 - -2 - (-10 - -14).
-1
What is the value of (9 - 0) + 10 + -12 + 3?
10
What is the value of (1 - 2) + 1 + 2 - 5?
-3
What is the value of -6 + 2 - (-13 - (-13 - -3))?
-1
What is -4 - -2 - 2 - (-4 + -2)?
2
-3 + -1 + 3 + -4 + 1
-4
2 + 0 - (-13 - -15)
0
What is the value of 14 - 13 - (-2 + 7)?
-4
Evaluate -1 - (6 + -5 + 2).
-4
What is 0 - (-6 + 4) - (4 - -4)?
-6
What is the value of (-13 - 1) + -5 + 15?
-4
What is the value of 4 + (-24 - -30) + (-6 - -1)?
5
What is the value of 18 + -15 - (-2 - (5 + -3))?
7
What is the value of -30 + 38 - (6 - -1)?
1
What is the value of -2 + -2 - (1 - (5 - -4))?
4
Calculate -3 + 5 - 1 - 2.
-1
Calculate -10 + (10 - (5 - 0)).
-5
-1 + (4 - (-2 + 2)) + 0
3
(2 - (1 + 3)) + 1
-1
What is the value of -2 - (-8 + 2 + 3) - -3?
4
Evaluate -6 + 1 + 1 - (1 + 1).
-6
Evaluate 1 - -7 - (7 - 4).
5
Calculate (3 - 1) + (13 - (-14 - -25)).
4
Evaluate -5 + (-2 - -3) - (4 + -8).
0
Calculate 3 + -4 + (1 - 0) + -3.
-3
Calculate -2 + (6 - (0 - -9)).
-5
Calculate 1 + 0 + (-7 - -3).
-3
What is the value of -3 - (-3 - (7 + 0 + -4))?
3
What is the value of 1 + (-5 - -2) + 1?
-1
What is -5 - ((0 - 3) + (5 - 1))?
-6
What is the value of -6 + (7 - 6) + 3?
-2
Calculate 5 - (0 + -4 + 5).
4
What is 5 + -8 + (6 - 8 - -7)?
2
What is the value of 2 + 2 + (3 + -2 - 2)?
3
What is the value of 7 - (6 + 1 + 7) - -6?
-1
What is -5 + (-1 - (-5 + 11 - 7))?
-5
-7 + (7 - 5) - 0
-5
Evaluate (63 - 56) + (-1 - 8).
-2
What is the value of -8 + 7 + 0 + (-1 - -6)?
4
What is the value of -1 - -3 - (0 - 0)?
2
What is -13 + 7 + -3 + 12?
3
Evaluate -6 + 1 + 4 + -1 + 1.
-1
What is the value of -4 - (11 - (9 - 0))?
-6
What is (5 + -8 - -16) + -12?
1
What is 5 + 4 + (-4 - 5) - 2?
-2
Calculate (1 + -5 - -5) + 3.
4
Calculate 1 + -2 - (-32 - -30).
1
What is 7 - (-1 + 5 + (8 - 10))?
5
What is the value of -2 + 2 + 19 + -16?
3
-11 - (10 - 8 - 10)
-3
0 + (-9 + 7 - -7)
5
5 + 6 + -5 - 6
0
Calculate 21 + -17 + (8 - 6).
6
What is 5 + (3 - (-6 + 10))?
4
Calculate 3 + -11 + (-10 - -24).
6
Evaluate -1 - -2 - 0 - (-3 + -1).
5
Evaluate (-2 - 0) + (10 - -5) + -11.
2
Calculate (4 - (0 + -2) - 4) + 3.
5
Calculate 7 - (-2 - (-9 + 4)).
4
Calculate (-7 - -1) + (6 - 4).
-4
What is 1 + -1 + -5 - (-13 - -10)?
-2
Calculate (-9 - -9) + (0 - 0).
0
0 - (6 - -2) - -4
-4
Evaluate (-6 + 1 - (18 - 20)) + 3.
0
(-7 - -8) + (1 - (-2 + -1))
5
What is 5 - ((-7 - -1) + 12)?
-1
What is 7 + -2 - (-30 - -32)?
3
Evaluate 4 + (-4 - 1 - (-1 - -1)).
-1
-14 + 12 - -3 - 8
-7
Calculate 11 + -8 + -10 + 1 - -3.
-3
Evaluate (1 - 4) + (22 - 13).
6
Calculate 4 - (